{"id":5663,"date":"2023-12-21T16:02:13","date_gmt":"2023-12-21T16:02:13","guid":{"rendered":"https:\/\/kindalbaniastore.com\/?post_type=product&#038;p=5663"},"modified":"2023-12-21T16:02:14","modified_gmt":"2023-12-21T16:02:14","slug":"vaj-propolisi-per-shendetin","status":"publish","type":"product","link":"https:\/\/kindalbaniastore.com\/index.php\/product\/vaj-propolisi-per-shendetin\/","title":{"rendered":"Vaj propolisi per shendetin."},"content":{"rendered":"<p>VETIT\u00cb E PROPOLISIT: 100% bimor<br \/>\n\ud83d\udccdPropolisi ndihmon n\u00eb rritjen e imunitetit.<br \/>\n\ud83d\udccdKa efekte antimykotike, antibakteriale e antivirale pasi p\u00ebrmban rigon.<br \/>\n\ud83d\udccdRekomandohet p\u00ebr plag\u00eb q\u00eb mbyllen me v\u00ebshtiresi (vet\u00ebm me rekomandimin e mjekut).<br \/>\n\ud83d\udccdK\u00ebshillohet t\u00eb p\u00ebrdoret n\u00eb bajamet e acaruara apo ul\u00e7er\u00ebn n\u00eb stomak, gastrit, problemet me kolitin.<br \/>\n\ud83d\udccdNdihmon n\u00eb pastrimin e mykut n\u00eb goje e organiz\u00ebm.<br \/>\n\ud83d\udccdPerdoret me pika nga jasht\u00eb p\u00ebr<br \/>\nmykun n\u00eb l\u00ebkur\u00eb.<br \/>\n\ud83d\udccdNdihmon n\u00eb qetesimin e kolitit.<br \/>\n\ud83d\udccdNdihmon n\u00eb qet\u00ebsimin e mishrave t\u00eb dh\u00ebmbeve, apo infeksioneve n\u00eb mishrat e<br \/>\ndh\u00ebmbeve.<br \/>\n\ud83d\udccdP\u00ebrdoret p\u00ebr mbylljen e plag\u00ebve t\u00eb jashtme.<br \/>\n\ud83d\udccdK\u00ebshillohet t\u00eb p\u00ebrdoret gjat\u00eb sezoneve t\u00eb gripit p\u00ebr rreth 2 jav\u00eb \u00e7do 3 muaj, pasi mund t\u00eb ndihmoj\u00eb n\u00eb p\u00ebrmir\u00ebsimin e imunitetit.<br \/>\nP\u00cbRDORIMI:<br \/>\n\ud83d\udcccF\u00ebmijet deri n\u00eb 2 vje\u00e7 pijn\u00eb 3&#215;2 pika pas buke.<br \/>\n\ud83d\udcccFemijet 2-10 vje\u00e7 3&#215;5 pika.<br \/>\n\ud83d\udcccT\u00eb rriturit pijn\u00eb 3&#215;10 pika pas buke.<br \/>\n\ud83d\udccc100% VAJ NATYRAL I PAST\u00cbR &#8211; Pastertia e produktit \u00ebsht\u00eb testuar me GC-MS.<\/p>\n","protected":false},"excerpt":{"rendered":"<p>VETIT\u00cb E PROPOLISIT: 100% bimor \ud83d\udccdPropolisi ndihmon n\u00eb rritjen e imunitetit. \ud83d\udccdKa efekte antimykotike, antibakteriale e antivirale pasi p\u00ebrmban rigon. \ud83d\udccdRekomandohet p\u00ebr plag\u00eb q\u00eb mbyllen me v\u00ebshtiresi (vet\u00ebm me rekomandimin e mjekut). \ud83d\udccdK\u00ebshillohet t\u00eb p\u00ebrdoret n\u00eb bajamet e acaruara apo ul\u00e7er\u00ebn n\u00eb stomak, gastrit, problemet me kolitin. \ud83d\udccdNdihmon n\u00eb pastrimin e mykut n\u00eb goje e &hellip; <a href=\"https:\/\/kindalbaniastore.com\/index.php\/product\/vaj-propolisi-per-shendetin\/\" class=\"more-link\">Continue reading <span class=\"screen-reader-text\">Vaj propolisi per shendetin.<\/span><\/a><\/p>\n","protected":false},"featured_media":5669,"comment_status":"open","ping_status":"closed","template":"","meta":{"_joinchat":[]},"product_cat":[71],"product_tag":[],"class_list":["post-5663","product","type-product","status-publish","has-post-thumbnail","hentry","product_cat-produkte-per-fytyren-dhe-trupin"],"_links":{"self":[{"href":"https:\/\/kindalbaniastore.com\/index.php\/wp-json\/wp\/v2\/product\/5663","targetHints":{"allow":["GET"]}}],"collection":[{"href":"https:\/\/kindalbaniastore.com\/index.php\/wp-json\/wp\/v2\/product"}],"about":[{"href":"https:\/\/kindalbaniastore.com\/index.php\/wp-json\/wp\/v2\/types\/product"}],"replies":[{"embeddable":true,"href":"https:\/\/kindalbaniastore.com\/index.php\/wp-json\/wp\/v2\/comments?post=5663"}],"version-history":[{"count":1,"href":"https:\/\/kindalbaniastore.com\/index.php\/wp-json\/wp\/v2\/product\/5663\/revisions"}],"predecessor-version":[{"id":5676,"href":"https:\/\/kindalbaniastore.com\/index.php\/wp-json\/wp\/v2\/product\/5663\/revisions\/5676"}],"wp:featuredmedia":[{"embeddable":true,"href":"https:\/\/kindalbaniastore.com\/index.php\/wp-json\/wp\/v2\/media\/5669"}],"wp:attachment":[{"href":"https:\/\/kindalbaniastore.com\/index.php\/wp-json\/wp\/v2\/media?parent=5663"}],"wp:term":[{"taxonomy":"product_cat","embeddable":true,"href":"https:\/\/kindalbaniastore.com\/index.php\/wp-json\/wp\/v2\/product_cat?post=5663"},{"taxonomy":"product_tag","embeddable":true,"href":"https:\/\/kindalbaniastore.com\/index.php\/wp-json\/wp\/v2\/product_tag?post=5663"}],"curies":[{"name":"wp","href":"https:\/\/api.w.org\/{rel}","templated":true}]}}