{"id":6404,"date":"2024-01-15T15:48:12","date_gmt":"2024-01-15T15:48:12","guid":{"rendered":"https:\/\/kindalbaniastore.com\/?post_type=product&#038;p=6404"},"modified":"2024-01-15T15:48:12","modified_gmt":"2024-01-15T15:48:12","slug":"furce-per-fytyren","status":"publish","type":"product","link":"https:\/\/kindalbaniastore.com\/index.php\/product\/furce-per-fytyren\/","title":{"rendered":"Furce per fytyren"},"content":{"rendered":"<p>Fur\u00e7a p\u00ebr pastrimin e fytyr\u00ebs \u00ebsht\u00eb mjet i p\u00ebrshtatsh\u00ebm dhe efektiv p\u00ebr pastrimin e thell\u00eb dhe eksfolimin e l\u00ebkur\u00ebs tuaj.\ud83d\udc86\u200d\u2640\ufe0f<br \/>\nFur\u00e7a vibruese dhe rrotulluese p\u00ebrmban nj\u00eb kok\u00eb fur\u00e7eje vibruese dhe rrotulluese q\u00eb ndihmon p\u00ebr t\u00eb eksfoluar dhe pastruar but\u00ebsisht l\u00ebkur\u00ebn tuaj, duke hequr papast\u00ebrtit\u00eb, vajin dhe grimin p\u00ebr nj\u00eb pamje m\u00eb rrezatuese dhe t\u00eb fresk\u00ebt\ud83d\udc86\u200d\u2640\ufe0f<br \/>\nPunon me karikim duke e b\u00ebr\u00eb t\u00eb leht\u00eb p\u00ebrdorimin dhe transportin pa pasur nevoj\u00eb p\u00ebr priz\u00eb elektrike ose kabllo karikimi\ud83d\udc86\u200d\u2640\ufe0f<br \/>\n \u00ebsht\u00eb kompakt dhe i leht\u00eb, duke e b\u00ebr\u00eb t\u00eb leht\u00eb marrjen me vete kudo q\u00eb t\u00eb shkoni, qoft\u00eb me pushime apo n\u00eb palest\u00ebr\ud83d\udc86\u200d\u2640\ufe0f<\/p>\n","protected":false},"excerpt":{"rendered":"<p>Fur\u00e7a p\u00ebr pastrimin e fytyr\u00ebs \u00ebsht\u00eb mjet i p\u00ebrshtatsh\u00ebm dhe efektiv p\u00ebr pastrimin e thell\u00eb dhe eksfolimin e l\u00ebkur\u00ebs tuaj.\ud83d\udc86\u200d\u2640\ufe0f Fur\u00e7a vibruese dhe rrotulluese p\u00ebrmban nj\u00eb kok\u00eb fur\u00e7eje vibruese dhe rrotulluese q\u00eb ndihmon p\u00ebr t\u00eb eksfoluar dhe pastruar but\u00ebsisht l\u00ebkur\u00ebn tuaj, duke hequr papast\u00ebrtit\u00eb, vajin dhe grimin p\u00ebr nj\u00eb pamje m\u00eb rrezatuese dhe t\u00eb fresk\u00ebt\ud83d\udc86\u200d\u2640\ufe0f &hellip; <a href=\"https:\/\/kindalbaniastore.com\/index.php\/product\/furce-per-fytyren\/\" class=\"more-link\">Continue reading <span class=\"screen-reader-text\">Furce per fytyren<\/span><\/a><\/p>\n","protected":false},"featured_media":6416,"comment_status":"open","ping_status":"closed","template":"","meta":{"_joinchat":[]},"product_cat":[62,61,59,131,60,71],"product_tag":[],"class_list":["post-6404","product","type-product","status-publish","has-post-thumbnail","hentry","product_cat-estetik","product_cat-fizioterapi","product_cat-kozmetik","product_cat-make-up","product_cat-masazh","product_cat-produkte-per-fytyren-dhe-trupin"],"_links":{"self":[{"href":"https:\/\/kindalbaniastore.com\/index.php\/wp-json\/wp\/v2\/product\/6404","targetHints":{"allow":["GET"]}}],"collection":[{"href":"https:\/\/kindalbaniastore.com\/index.php\/wp-json\/wp\/v2\/product"}],"about":[{"href":"https:\/\/kindalbaniastore.com\/index.php\/wp-json\/wp\/v2\/types\/product"}],"replies":[{"embeddable":true,"href":"https:\/\/kindalbaniastore.com\/index.php\/wp-json\/wp\/v2\/comments?post=6404"}],"version-history":[{"count":1,"href":"https:\/\/kindalbaniastore.com\/index.php\/wp-json\/wp\/v2\/product\/6404\/revisions"}],"predecessor-version":[{"id":6418,"href":"https:\/\/kindalbaniastore.com\/index.php\/wp-json\/wp\/v2\/product\/6404\/revisions\/6418"}],"wp:featuredmedia":[{"embeddable":true,"href":"https:\/\/kindalbaniastore.com\/index.php\/wp-json\/wp\/v2\/media\/6416"}],"wp:attachment":[{"href":"https:\/\/kindalbaniastore.com\/index.php\/wp-json\/wp\/v2\/media?parent=6404"}],"wp:term":[{"taxonomy":"product_cat","embeddable":true,"href":"https:\/\/kindalbaniastore.com\/index.php\/wp-json\/wp\/v2\/product_cat?post=6404"},{"taxonomy":"product_tag","embeddable":true,"href":"https:\/\/kindalbaniastore.com\/index.php\/wp-json\/wp\/v2\/product_tag?post=6404"}],"curies":[{"name":"wp","href":"https:\/\/api.w.org\/{rel}","templated":true}]}}