{"id":6682,"date":"2024-01-23T15:40:39","date_gmt":"2024-01-23T15:40:39","guid":{"rendered":"https:\/\/kindalbaniastore.com\/?post_type=product&#038;p=6682"},"modified":"2024-01-23T15:40:40","modified_gmt":"2024-01-23T15:40:40","slug":"paisje-anti-rudhave-ne-fytyre","status":"publish","type":"product","link":"https:\/\/kindalbaniastore.com\/index.php\/product\/paisje-anti-rudhave-ne-fytyre\/","title":{"rendered":"Paisje anti rudhave ne fytyre"},"content":{"rendered":"<p>Photon Rejuvenation Beaty Instrument MGE-05 eshte masazhuesi i fytyres, ideal per pastrimin e fytyres.\ud83d\udc86\u200d\u2640\ufe0f<\/p>\n<p>Dizajn ergonomik. ndjesi e prekjes e rehatshme\ud83d\udc86\u200d\u2640\ufe0f<br \/>\nMadh\u00ebsi e vog\u00ebl portab\u00ebl, e p\u00ebrshtatshme p\u00ebr ta marre kudo dhe leht\u00ebsisht e p\u00ebrdorshme.\ud83d\udc86\u200d\u2640\ufe0f<br \/>\nTeknologji Ion, e cila mund\u00ebson pastrimin e thell\u00eb t\u00eb l\u00ebkur\u00ebs tuaj dhe promovon thithjen e produkteve t\u00eb trajtimit t\u00eb l\u00ebkur\u00ebs.\ud83d\udc86\u200d\u2640\ufe0f<br \/>\nDritat me ngjyra mundesojne rinovimin e lekures tuaj, qarkulllimin e gjakut dhe mund\u00ebson pengimin e melanin\u00ebs.<br \/>\n4 metoda pune, ju mund ta rregulloni n\u00eb var\u00ebsi t\u00eb nevoj\u00ebs tuaj.\ud83d\udc86\u200d\u2640\ufe0f<br \/>\nKujdesi ndaj syve. Ngritja dhe shtr\u00ebngimi i rrath\u00ebve t\u00eb syve, ushqyerja dhe reduktimi i rrath\u00ebve t\u00eb zinj t\u00eb syve.<br \/>\nMaterial rezistent ABS. Fuqia 4W. Tensioni output DC5V. Input AC 100-240V, 20\/60Hz.\ud83d\udc86\u200d\u2640\ufe0f<\/p>\n","protected":false},"excerpt":{"rendered":"<p>Photon Rejuvenation Beaty Instrument MGE-05 eshte masazhuesi i fytyres, ideal per pastrimin e fytyres.\ud83d\udc86\u200d\u2640\ufe0f Dizajn ergonomik. ndjesi e prekjes e rehatshme\ud83d\udc86\u200d\u2640\ufe0f Madh\u00ebsi e vog\u00ebl portab\u00ebl, e p\u00ebrshtatshme p\u00ebr ta marre kudo dhe leht\u00ebsisht e p\u00ebrdorshme.\ud83d\udc86\u200d\u2640\ufe0f Teknologji Ion, e cila mund\u00ebson pastrimin e thell\u00eb t\u00eb l\u00ebkur\u00ebs tuaj dhe promovon thithjen e produkteve t\u00eb trajtimit t\u00eb l\u00ebkur\u00ebs.\ud83d\udc86\u200d\u2640\ufe0f &hellip; <a href=\"https:\/\/kindalbaniastore.com\/index.php\/product\/paisje-anti-rudhave-ne-fytyre\/\" class=\"more-link\">Continue reading <span class=\"screen-reader-text\">Paisje anti rudhave ne fytyre<\/span><\/a><\/p>\n","protected":false},"featured_media":6691,"comment_status":"open","ping_status":"closed","template":"","meta":{"_joinchat":[]},"product_cat":[62,59,60,71],"product_tag":[],"class_list":["post-6682","product","type-product","status-publish","has-post-thumbnail","hentry","product_cat-estetik","product_cat-kozmetik","product_cat-masazh","product_cat-produkte-per-fytyren-dhe-trupin"],"_links":{"self":[{"href":"https:\/\/kindalbaniastore.com\/index.php\/wp-json\/wp\/v2\/product\/6682","targetHints":{"allow":["GET"]}}],"collection":[{"href":"https:\/\/kindalbaniastore.com\/index.php\/wp-json\/wp\/v2\/product"}],"about":[{"href":"https:\/\/kindalbaniastore.com\/index.php\/wp-json\/wp\/v2\/types\/product"}],"replies":[{"embeddable":true,"href":"https:\/\/kindalbaniastore.com\/index.php\/wp-json\/wp\/v2\/comments?post=6682"}],"version-history":[{"count":1,"href":"https:\/\/kindalbaniastore.com\/index.php\/wp-json\/wp\/v2\/product\/6682\/revisions"}],"predecessor-version":[{"id":6696,"href":"https:\/\/kindalbaniastore.com\/index.php\/wp-json\/wp\/v2\/product\/6682\/revisions\/6696"}],"wp:featuredmedia":[{"embeddable":true,"href":"https:\/\/kindalbaniastore.com\/index.php\/wp-json\/wp\/v2\/media\/6691"}],"wp:attachment":[{"href":"https:\/\/kindalbaniastore.com\/index.php\/wp-json\/wp\/v2\/media?parent=6682"}],"wp:term":[{"taxonomy":"product_cat","embeddable":true,"href":"https:\/\/kindalbaniastore.com\/index.php\/wp-json\/wp\/v2\/product_cat?post=6682"},{"taxonomy":"product_tag","embeddable":true,"href":"https:\/\/kindalbaniastore.com\/index.php\/wp-json\/wp\/v2\/product_tag?post=6682"}],"curies":[{"name":"wp","href":"https:\/\/api.w.org\/{rel}","templated":true}]}}