{"id":7068,"date":"2024-01-31T16:36:41","date_gmt":"2024-01-31T16:36:41","guid":{"rendered":"https:\/\/kindalbaniastore.com\/?post_type=product&#038;p=7068"},"modified":"2024-01-31T16:36:42","modified_gmt":"2024-01-31T16:36:42","slug":"krem-me-vitamine-e-per-fytyren","status":"publish","type":"product","link":"https:\/\/kindalbaniastore.com\/index.php\/product\/krem-me-vitamine-e-per-fytyren\/","title":{"rendered":"Krem me vitamine E per fytyren"},"content":{"rendered":"<p>krem \u200b\u200bme vitamine E per fytyren \ud83d\udc86\u200d\u2640\ufe0f<br \/>\nKuron rrudhat\ud83d\udc86\u200d\u2640\ufe0f<br \/>\nParandalon daljen e njollave\ud83d\udc86\u200d\u2640\ufe0f<br \/>\nRigjeneron qelizat\ud83d\udc86\u200d\u2640\ufe0f<br \/>\nMbron lekuren\ud83d\udc86\u200d\u2640\ufe0f<br \/>\nI dhuron fytyres butesi dhe shkelqim\ud83d\udc86\u200d\u2640\ufe0f<br \/>\nGjithashtu\u2705\ufe0f<br \/>\nteper cilesor \u00ebsht\u00eb nj\u00eb krem \u200b\u200bpremium  q\u00eb heq rrath\u00ebt e err\u00ebt shpejt<br \/>\nPer sy te shplodhur dhe te qetesuar<br \/>\nEfekt i menjehershem<br \/>\n. Gjithashtu kremi p\u00ebrmban p\u00ebrb\u00ebr\u00ebs zbut\u00ebs t\u00eb l\u00ebkur\u00ebs t\u00eb cil\u00ebt n\u00eb fakt ndryshojn\u00eb struktur\u00ebn e l\u00ebkur\u00ebs n\u00ebn sy p\u00ebr t\u00eb ndihmuar n\u00eb zvog\u00eblimin e \u00ebnjtjes dhe vijave t\u00eb holla. P\u00ebrdorime specifike p\u00ebr produktin:  largon:Rrath\u00eb t\u00eb err\u00ebt, rrudha, \u00ebnjtje,<br \/>\n P\u00ebrdorni p\u00ebr: Syt\u00eb Lloji i l\u00ebkur\u00ebs: T\u00eb gjitha<br \/>\nMosha:T\u00eb rritur<\/p>\n","protected":false},"excerpt":{"rendered":"<p>krem \u200b\u200bme vitamine E per fytyren \ud83d\udc86\u200d\u2640\ufe0f Kuron rrudhat\ud83d\udc86\u200d\u2640\ufe0f Parandalon daljen e njollave\ud83d\udc86\u200d\u2640\ufe0f Rigjeneron qelizat\ud83d\udc86\u200d\u2640\ufe0f Mbron lekuren\ud83d\udc86\u200d\u2640\ufe0f I dhuron fytyres butesi dhe shkelqim\ud83d\udc86\u200d\u2640\ufe0f Gjithashtu\u2705\ufe0f teper cilesor \u00ebsht\u00eb nj\u00eb krem \u200b\u200bpremium q\u00eb heq rrath\u00ebt e err\u00ebt shpejt Per sy te shplodhur dhe te qetesuar Efekt i menjehershem . Gjithashtu kremi p\u00ebrmban p\u00ebrb\u00ebr\u00ebs zbut\u00ebs t\u00eb l\u00ebkur\u00ebs t\u00eb &hellip; <a href=\"https:\/\/kindalbaniastore.com\/index.php\/product\/krem-me-vitamine-e-per-fytyren\/\" class=\"more-link\">Continue reading <span class=\"screen-reader-text\">Krem me vitamine E per fytyren<\/span><\/a><\/p>\n","protected":false},"featured_media":7072,"comment_status":"open","ping_status":"closed","template":"","meta":{"_joinchat":[]},"product_cat":[62,59,71],"product_tag":[],"class_list":["post-7068","product","type-product","status-publish","has-post-thumbnail","hentry","product_cat-estetik","product_cat-kozmetik","product_cat-produkte-per-fytyren-dhe-trupin"],"_links":{"self":[{"href":"https:\/\/kindalbaniastore.com\/index.php\/wp-json\/wp\/v2\/product\/7068","targetHints":{"allow":["GET"]}}],"collection":[{"href":"https:\/\/kindalbaniastore.com\/index.php\/wp-json\/wp\/v2\/product"}],"about":[{"href":"https:\/\/kindalbaniastore.com\/index.php\/wp-json\/wp\/v2\/types\/product"}],"replies":[{"embeddable":true,"href":"https:\/\/kindalbaniastore.com\/index.php\/wp-json\/wp\/v2\/comments?post=7068"}],"version-history":[{"count":1,"href":"https:\/\/kindalbaniastore.com\/index.php\/wp-json\/wp\/v2\/product\/7068\/revisions"}],"predecessor-version":[{"id":7075,"href":"https:\/\/kindalbaniastore.com\/index.php\/wp-json\/wp\/v2\/product\/7068\/revisions\/7075"}],"wp:featuredmedia":[{"embeddable":true,"href":"https:\/\/kindalbaniastore.com\/index.php\/wp-json\/wp\/v2\/media\/7072"}],"wp:attachment":[{"href":"https:\/\/kindalbaniastore.com\/index.php\/wp-json\/wp\/v2\/media?parent=7068"}],"wp:term":[{"taxonomy":"product_cat","embeddable":true,"href":"https:\/\/kindalbaniastore.com\/index.php\/wp-json\/wp\/v2\/product_cat?post=7068"},{"taxonomy":"product_tag","embeddable":true,"href":"https:\/\/kindalbaniastore.com\/index.php\/wp-json\/wp\/v2\/product_tag?post=7068"}],"curies":[{"name":"wp","href":"https:\/\/api.w.org\/{rel}","templated":true}]}}