{"id":7432,"date":"2024-02-20T15:14:41","date_gmt":"2024-02-20T15:14:41","guid":{"rendered":"https:\/\/kindalbaniastore.com\/?post_type=product&#038;p=7432"},"modified":"2024-02-20T15:14:42","modified_gmt":"2024-02-20T15:14:42","slug":"govate-per-femije","status":"publish","type":"product","link":"https:\/\/kindalbaniastore.com\/index.php\/product\/govate-per-femije\/","title":{"rendered":"Govate per femije"},"content":{"rendered":"<p>Shume praktike dhe te thjeshta, keto govata  shoqerohen me nje ndenjese per sigurine e femijes tuaj\ud83d\udec1\ud83d\udc76<\/p>\n<p>I p\u00ebrshtatsh\u00ebm p\u00ebr p\u00ebrdorim nga 0+ muaj.\ud83d\udec1\ud83d\udc76<\/p>\n<p>Me fole p\u00ebr shampo,\ud83d\udec1\ud83d\udc76<\/p>\n<p>Kapak p\u00ebr kullimin e ujit.\ud83d\udec1\ud83d\udc76<\/p>\n<p>Leht\u00eb p\u00ebr tu pastruar dhe mir\u00ebmbajtur.\ud83d\udc76\ud83d\udec1<\/p>\n<p>Vjen ne tre ngjyra: jeshile, roze, bojeqielli \ud83d\udc76\ud83d\udec1<\/p>\n","protected":false},"excerpt":{"rendered":"<p>Shume praktike dhe te thjeshta, keto govata shoqerohen me nje ndenjese per sigurine e femijes tuaj\ud83d\udec1\ud83d\udc76 I p\u00ebrshtatsh\u00ebm p\u00ebr p\u00ebrdorim nga 0+ muaj.\ud83d\udec1\ud83d\udc76 Me fole p\u00ebr shampo,\ud83d\udec1\ud83d\udc76 Kapak p\u00ebr kullimin e ujit.\ud83d\udec1\ud83d\udc76 Leht\u00eb p\u00ebr tu pastruar dhe mir\u00ebmbajtur.\ud83d\udc76\ud83d\udec1 Vjen ne tre ngjyra: jeshile, roze, bojeqielli \ud83d\udc76\ud83d\udec1<\/p>\n","protected":false},"featured_media":7437,"comment_status":"open","ping_status":"closed","template":"","meta":{"_joinchat":[]},"product_cat":[222],"product_tag":[],"class_list":["post-7432","product","type-product","status-publish","has-post-thumbnail","hentry","product_cat-produkte-per-femije"],"_links":{"self":[{"href":"https:\/\/kindalbaniastore.com\/index.php\/wp-json\/wp\/v2\/product\/7432","targetHints":{"allow":["GET"]}}],"collection":[{"href":"https:\/\/kindalbaniastore.com\/index.php\/wp-json\/wp\/v2\/product"}],"about":[{"href":"https:\/\/kindalbaniastore.com\/index.php\/wp-json\/wp\/v2\/types\/product"}],"replies":[{"embeddable":true,"href":"https:\/\/kindalbaniastore.com\/index.php\/wp-json\/wp\/v2\/comments?post=7432"}],"version-history":[{"count":1,"href":"https:\/\/kindalbaniastore.com\/index.php\/wp-json\/wp\/v2\/product\/7432\/revisions"}],"predecessor-version":[{"id":7441,"href":"https:\/\/kindalbaniastore.com\/index.php\/wp-json\/wp\/v2\/product\/7432\/revisions\/7441"}],"wp:featuredmedia":[{"embeddable":true,"href":"https:\/\/kindalbaniastore.com\/index.php\/wp-json\/wp\/v2\/media\/7437"}],"wp:attachment":[{"href":"https:\/\/kindalbaniastore.com\/index.php\/wp-json\/wp\/v2\/media?parent=7432"}],"wp:term":[{"taxonomy":"product_cat","embeddable":true,"href":"https:\/\/kindalbaniastore.com\/index.php\/wp-json\/wp\/v2\/product_cat?post=7432"},{"taxonomy":"product_tag","embeddable":true,"href":"https:\/\/kindalbaniastore.com\/index.php\/wp-json\/wp\/v2\/product_tag?post=7432"}],"curies":[{"name":"wp","href":"https:\/\/api.w.org\/{rel}","templated":true}]}}