{"id":8296,"date":"2024-04-03T15:02:10","date_gmt":"2024-04-03T15:02:10","guid":{"rendered":"https:\/\/kindalbaniastore.com\/?post_type=product&#038;p=8296"},"modified":"2024-04-03T15:02:11","modified_gmt":"2024-04-03T15:02:11","slug":"lekundese-per-bebe","status":"publish","type":"product","link":"https:\/\/kindalbaniastore.com\/index.php\/product\/lekundese-per-bebe\/","title":{"rendered":"Lekundese per bebe"},"content":{"rendered":"<p>Lekund\u00ebse  p\u00ebr bebe<br \/>\nKarakteristikat:<br \/>\nLehtesisht i transportueshem dhe i montueshem\ud83e\uddf8<br \/>\nMe rrota<br \/>\nAksesor ideal p\u00ebr relaksimin e f\u00ebmij\u00ebve.\ud83e\uddf8<br \/>\nL\u00ebkund\u00ebsja \u00ebsht\u00eb leht\u00ebsisht e kontrollueshme.<br \/>\nShpejt\u00ebsia e l\u00ebkundjes kontrollohet\ud83e\uddf8<br \/>\nKrevati rrotullohet 360 grade\ud83e\uddf8<br \/>\nBokse muzike t\u00eb inkorporuara.\ud83e\uddf8<br \/>\nCope e tejdukshme\ud83e\uddf8<br \/>\nL\u00ebkund\u00ebsja \u00ebsht\u00eb e pajisur me streh\u00eb mbrojt\u00ebse transparente ndaj insekteve.\ud83e\uddf8<br \/>\nI paisur me xhepa ku vendosen aksesoret\ud83e\uddf8p<br \/>\nNd\u00ebrtuar me material rezistent komod.\ud83e\uddf8<br \/>\nStruktur\u00eb alumini dhe plastik\u00eb ABS.\ud83e\uddf8<br \/>\nCop\u00eb e rehatshme leht\u00ebsisht e pastrueshme\ud83e\uddf8<\/p>\n","protected":false},"excerpt":{"rendered":"<p>Lekund\u00ebse p\u00ebr bebe Karakteristikat: Lehtesisht i transportueshem dhe i montueshem\ud83e\uddf8 Me rrota Aksesor ideal p\u00ebr relaksimin e f\u00ebmij\u00ebve.\ud83e\uddf8 L\u00ebkund\u00ebsja \u00ebsht\u00eb leht\u00ebsisht e kontrollueshme. Shpejt\u00ebsia e l\u00ebkundjes kontrollohet\ud83e\uddf8 Krevati rrotullohet 360 grade\ud83e\uddf8 Bokse muzike t\u00eb inkorporuara.\ud83e\uddf8 Cope e tejdukshme\ud83e\uddf8 L\u00ebkund\u00ebsja \u00ebsht\u00eb e pajisur me streh\u00eb mbrojt\u00ebse transparente ndaj insekteve.\ud83e\uddf8 I paisur me xhepa ku vendosen aksesoret\ud83e\uddf8p &hellip; <a href=\"https:\/\/kindalbaniastore.com\/index.php\/product\/lekundese-per-bebe\/\" class=\"more-link\">Continue reading <span class=\"screen-reader-text\">Lekundese per bebe<\/span><\/a><\/p>\n","protected":false},"featured_media":8298,"comment_status":"open","ping_status":"closed","template":"","meta":{"_joinchat":[]},"product_cat":[222],"product_tag":[],"class_list":["post-8296","product","type-product","status-publish","has-post-thumbnail","hentry","product_cat-produkte-per-femije"],"_links":{"self":[{"href":"https:\/\/kindalbaniastore.com\/index.php\/wp-json\/wp\/v2\/product\/8296","targetHints":{"allow":["GET"]}}],"collection":[{"href":"https:\/\/kindalbaniastore.com\/index.php\/wp-json\/wp\/v2\/product"}],"about":[{"href":"https:\/\/kindalbaniastore.com\/index.php\/wp-json\/wp\/v2\/types\/product"}],"replies":[{"embeddable":true,"href":"https:\/\/kindalbaniastore.com\/index.php\/wp-json\/wp\/v2\/comments?post=8296"}],"version-history":[{"count":1,"href":"https:\/\/kindalbaniastore.com\/index.php\/wp-json\/wp\/v2\/product\/8296\/revisions"}],"predecessor-version":[{"id":8302,"href":"https:\/\/kindalbaniastore.com\/index.php\/wp-json\/wp\/v2\/product\/8296\/revisions\/8302"}],"wp:featuredmedia":[{"embeddable":true,"href":"https:\/\/kindalbaniastore.com\/index.php\/wp-json\/wp\/v2\/media\/8298"}],"wp:attachment":[{"href":"https:\/\/kindalbaniastore.com\/index.php\/wp-json\/wp\/v2\/media?parent=8296"}],"wp:term":[{"taxonomy":"product_cat","embeddable":true,"href":"https:\/\/kindalbaniastore.com\/index.php\/wp-json\/wp\/v2\/product_cat?post=8296"},{"taxonomy":"product_tag","embeddable":true,"href":"https:\/\/kindalbaniastore.com\/index.php\/wp-json\/wp\/v2\/product_tag?post=8296"}],"curies":[{"name":"wp","href":"https:\/\/api.w.org\/{rel}","templated":true}]}}