{"id":8376,"date":"2024-04-05T11:58:52","date_gmt":"2024-04-05T11:58:52","guid":{"rendered":"https:\/\/kindalbaniastore.com\/?post_type=product&#038;p=8376"},"modified":"2024-04-05T11:58:53","modified_gmt":"2024-04-05T11:58:53","slug":"krem-dielli-2","status":"publish","type":"product","link":"https:\/\/kindalbaniastore.com\/index.php\/product\/krem-dielli-2\/","title":{"rendered":"Krem dielli"},"content":{"rendered":"<p>\ud83d\udfe2 SPF  KREM NITRO 60 UV<\/p>\n<p>\u2022Krem mbrojt\u00ebs nga dielli NITRO 60 UV  \u00ebsht\u00eb nj\u00eb produkt q\u00eb kombinon mbrojtjen efektive nga dielli.<br \/>\n\u2022\u00cbsht\u00eb projektuar p\u00ebr t\u00eb mbrojtur l\u00ebkur\u00ebn nga rrezet e d\u00ebmshme t\u00eb diellit dhe p\u00ebr t\u00eb p\u00ebrmir\u00ebsuar pamjen e saj.<\/p>\n<p>P\u00ebrfitimet dhe ve\u00e7orit\u00eb:<br \/>\n\u2022P\u00ebrmban SPF 60 p\u00ebr mbrojtje UV.<br \/>\n\u2022Redukton n\u00eb m\u00ebnyr\u00eb efektive err\u00ebsimin e l\u00ebkur\u00ebs.<br \/>\n\u2022Mbron nga djegia nga dielli.<br \/>\n\u2022Ndihmon n\u00eb parandalimin e d\u00ebmtimit dhe tharjes s\u00eb tep\u00ebrt t\u00eb l\u00ebkur\u00ebs.<br \/>\n\u2022Formul\u00eb jo e yndyrshme, jo ngjit\u00ebse dhe q\u00eb p\u00ebrthithet shpejt.<br \/>\n\u2022E pasur me veti hidratuese.<br \/>\n\u2022E mban l\u00ebkur\u00ebn t\u00eb but\u00eb dhe t\u00eb zhd\u00ebrvjell\u00ebt.<br \/>\n\u2022Ndihmon n\u00eb ndri\u00e7imin e l\u00ebkur\u00ebs n\u00eb m\u00ebnyr\u00eb t\u00eb sigurt dhe efektive.<br \/>\n\u2022Mbron l\u00ebkur\u00ebn nga ndikimet e jashtme si nxeht\u00ebsia dhe moti.<br \/>\nrezistente ndaj ujit.<\/p>\n","protected":false},"excerpt":{"rendered":"<p>\ud83d\udfe2 SPF KREM NITRO 60 UV \u2022Krem mbrojt\u00ebs nga dielli NITRO 60 UV \u00ebsht\u00eb nj\u00eb produkt q\u00eb kombinon mbrojtjen efektive nga dielli. \u2022\u00cbsht\u00eb projektuar p\u00ebr t\u00eb mbrojtur l\u00ebkur\u00ebn nga rrezet e d\u00ebmshme t\u00eb diellit dhe p\u00ebr t\u00eb p\u00ebrmir\u00ebsuar pamjen e saj. P\u00ebrfitimet dhe ve\u00e7orit\u00eb: \u2022P\u00ebrmban SPF 60 p\u00ebr mbrojtje UV. \u2022Redukton n\u00eb m\u00ebnyr\u00eb efektive err\u00ebsimin &hellip; <a href=\"https:\/\/kindalbaniastore.com\/index.php\/product\/krem-dielli-2\/\" class=\"more-link\">Continue reading <span class=\"screen-reader-text\">Krem dielli<\/span><\/a><\/p>\n","protected":false},"featured_media":8382,"comment_status":"open","ping_status":"closed","template":"","meta":{"_joinchat":[]},"product_cat":[62,224,59,71],"product_tag":[],"class_list":["post-8376","product","type-product","status-publish","has-post-thumbnail","hentry","product_cat-estetik","product_cat-farmaceutik","product_cat-kozmetik","product_cat-produkte-per-fytyren-dhe-trupin"],"_links":{"self":[{"href":"https:\/\/kindalbaniastore.com\/index.php\/wp-json\/wp\/v2\/product\/8376","targetHints":{"allow":["GET"]}}],"collection":[{"href":"https:\/\/kindalbaniastore.com\/index.php\/wp-json\/wp\/v2\/product"}],"about":[{"href":"https:\/\/kindalbaniastore.com\/index.php\/wp-json\/wp\/v2\/types\/product"}],"replies":[{"embeddable":true,"href":"https:\/\/kindalbaniastore.com\/index.php\/wp-json\/wp\/v2\/comments?post=8376"}],"version-history":[{"count":1,"href":"https:\/\/kindalbaniastore.com\/index.php\/wp-json\/wp\/v2\/product\/8376\/revisions"}],"predecessor-version":[{"id":8383,"href":"https:\/\/kindalbaniastore.com\/index.php\/wp-json\/wp\/v2\/product\/8376\/revisions\/8383"}],"wp:featuredmedia":[{"embeddable":true,"href":"https:\/\/kindalbaniastore.com\/index.php\/wp-json\/wp\/v2\/media\/8382"}],"wp:attachment":[{"href":"https:\/\/kindalbaniastore.com\/index.php\/wp-json\/wp\/v2\/media?parent=8376"}],"wp:term":[{"taxonomy":"product_cat","embeddable":true,"href":"https:\/\/kindalbaniastore.com\/index.php\/wp-json\/wp\/v2\/product_cat?post=8376"},{"taxonomy":"product_tag","embeddable":true,"href":"https:\/\/kindalbaniastore.com\/index.php\/wp-json\/wp\/v2\/product_tag?post=8376"}],"curies":[{"name":"wp","href":"https:\/\/api.w.org\/{rel}","templated":true}]}}