{"id":8643,"date":"2024-07-08T13:55:12","date_gmt":"2024-07-08T13:55:12","guid":{"rendered":"https:\/\/kindalbaniastore.com\/?post_type=product&#038;p=8643"},"modified":"2024-07-08T13:55:57","modified_gmt":"2024-07-08T13:55:57","slug":"furre-per-thonjte-2","status":"publish","type":"product","link":"https:\/\/kindalbaniastore.com\/index.php\/product\/furre-per-thonjte-2\/","title":{"rendered":"Furre per thonjte"},"content":{"rendered":"<p>Furre per thonjte\ud83d\udc85\ud83e\udd29\ud83e\udd70Ideale per tharjen e thonjve gjate punimit me xhel ose pedikyr dizanj i vecante elegant dhe ergonomik pershtatur per thonjte e kembes dhe dores.\ud83d\udc85\ud83d\udc85Me drite led integruar me opsionin e ndryshimit dhe gradimit te nxehtesise nuk demton thonjte per perdorim shtepiak ose profesional.\ud83d\udc85\ud83e\udd70<br \/>\nLlamba UV \/ LED Sun 1s me fuqi 48 W p\u00ebrdoret p\u00ebr polimerizimin e e xhelit dhe te gjithe bio-xhel\u00ebve. Materiali \u00ebsht\u00eb i polimerizuar p\u00ebr shkak t\u00eb 24 llambave LED me nj\u00eb fuqi totale prej 48 W, t\u00eb cilat jan\u00eb t\u00eb vendosura n\u00eb m\u00ebnyr\u00eb t\u00eb barabart\u00eb n\u00eb sip\u00ebrfaqe. Llamba ka nj\u00eb fund t\u00eb l\u00ebvizsh\u00ebm me magnet, i cili \u00ebsht\u00eb i p\u00ebrshtatsh\u00ebm kur kryeni nj\u00eb procedur\u00eb pedikyr.<br \/>\nLlamba Sun LED nuk nxehet gjat\u00eb funksionimit dhe nuk shkakton siklet ose djegie gjat\u00eb tharjes s\u00eb materialit. N\u00eb t\u00eb, ju mund t\u00eb thani nj\u00ebkoh\u00ebsisht t\u00eb 5 gishtat e nj\u00ebr\u00ebs dor\u00eb, gj\u00eb q\u00eb p\u00ebrshpejton ndjesh\u00ebm procedur\u00ebn. P\u00ebr t\u00eb p\u00ebrdorur llamb\u00ebn n\u00eb modalitetin e koh\u00ebmat\u00ebsit, duhet t\u00eb ndizni modalitetin e duhur (5 s, 30 s, 60 s)<\/p>\n","protected":false},"excerpt":{"rendered":"<p>Furre per thonjte\ud83d\udc85\ud83e\udd29\ud83e\udd70Ideale per tharjen e thonjve gjate punimit me xhel ose pedikyr dizanj i vecante elegant dhe ergonomik pershtatur per thonjte e kembes dhe dores.\ud83d\udc85\ud83d\udc85Me drite led integruar me opsionin e ndryshimit dhe gradimit te nxehtesise nuk demton thonjte per perdorim shtepiak ose profesional.\ud83d\udc85\ud83e\udd70 Llamba UV \/ LED Sun 1s me fuqi 48 W &hellip; <a href=\"https:\/\/kindalbaniastore.com\/index.php\/product\/furre-per-thonjte-2\/\" class=\"more-link\">Continue reading <span class=\"screen-reader-text\">Furre per thonjte<\/span><\/a><\/p>\n","protected":false},"featured_media":8644,"comment_status":"open","ping_status":"closed","template":"","meta":{"_joinchat":[]},"product_cat":[62,59,69],"product_tag":[],"class_list":["post-8643","product","type-product","status-publish","has-post-thumbnail","hentry","product_cat-estetik","product_cat-kozmetik","product_cat-produkte-per-thonjte"],"_links":{"self":[{"href":"https:\/\/kindalbaniastore.com\/index.php\/wp-json\/wp\/v2\/product\/8643","targetHints":{"allow":["GET"]}}],"collection":[{"href":"https:\/\/kindalbaniastore.com\/index.php\/wp-json\/wp\/v2\/product"}],"about":[{"href":"https:\/\/kindalbaniastore.com\/index.php\/wp-json\/wp\/v2\/types\/product"}],"replies":[{"embeddable":true,"href":"https:\/\/kindalbaniastore.com\/index.php\/wp-json\/wp\/v2\/comments?post=8643"}],"version-history":[{"count":1,"href":"https:\/\/kindalbaniastore.com\/index.php\/wp-json\/wp\/v2\/product\/8643\/revisions"}],"predecessor-version":[{"id":8650,"href":"https:\/\/kindalbaniastore.com\/index.php\/wp-json\/wp\/v2\/product\/8643\/revisions\/8650"}],"wp:featuredmedia":[{"embeddable":true,"href":"https:\/\/kindalbaniastore.com\/index.php\/wp-json\/wp\/v2\/media\/8644"}],"wp:attachment":[{"href":"https:\/\/kindalbaniastore.com\/index.php\/wp-json\/wp\/v2\/media?parent=8643"}],"wp:term":[{"taxonomy":"product_cat","embeddable":true,"href":"https:\/\/kindalbaniastore.com\/index.php\/wp-json\/wp\/v2\/product_cat?post=8643"},{"taxonomy":"product_tag","embeddable":true,"href":"https:\/\/kindalbaniastore.com\/index.php\/wp-json\/wp\/v2\/product_tag?post=8643"}],"curies":[{"name":"wp","href":"https:\/\/api.w.org\/{rel}","templated":true}]}}