{"id":9146,"date":"2024-11-19T15:40:44","date_gmt":"2024-11-19T15:40:44","guid":{"rendered":"https:\/\/kindalbaniastore.com\/?post_type=product&#038;p=9146"},"modified":"2024-11-19T15:40:58","modified_gmt":"2024-11-19T15:40:58","slug":"frutiere-qelqi","status":"publish","type":"product","link":"https:\/\/kindalbaniastore.com\/index.php\/product\/frutiere-qelqi\/","title":{"rendered":"Frutiere qelqi"},"content":{"rendered":"<p>Frutiere p\u00ebr t\u00eb mbajtur \u00ebmb\u00eblsirat, t\u00eb tilla si bonbone (karamele t\u00eb vogla) ose fruta te ndryshme\u2764\ufe0f<br \/>\nb\u00ebhet nga material  shk\u00eblqyer\u2764\ufe0f<br \/>\n Te pershtatshme si dhurata ose pjes\u00eb dekorative\u2764\ufe0f<br \/>\nMe dizanj unik dhe rezistent\u2764\ufe0f<\/p>\n","protected":false},"excerpt":{"rendered":"<p>Frutiere p\u00ebr t\u00eb mbajtur \u00ebmb\u00eblsirat, t\u00eb tilla si bonbone (karamele t\u00eb vogla) ose fruta te ndryshme\u2764\ufe0f b\u00ebhet nga material shk\u00eblqyer\u2764\ufe0f Te pershtatshme si dhurata ose pjes\u00eb dekorative\u2764\ufe0f Me dizanj unik dhe rezistent\u2764\ufe0f<\/p>\n","protected":false},"featured_media":9150,"comment_status":"open","ping_status":"closed","template":"","meta":{"_joinchat":[]},"product_cat":[225,66],"product_tag":[],"class_list":["post-9146","product","type-product","status-publish","has-post-thumbnail","hentry","product_cat-ene-kuzhine","product_cat-produkte-per-shtepi"],"_links":{"self":[{"href":"https:\/\/kindalbaniastore.com\/index.php\/wp-json\/wp\/v2\/product\/9146","targetHints":{"allow":["GET"]}}],"collection":[{"href":"https:\/\/kindalbaniastore.com\/index.php\/wp-json\/wp\/v2\/product"}],"about":[{"href":"https:\/\/kindalbaniastore.com\/index.php\/wp-json\/wp\/v2\/types\/product"}],"replies":[{"embeddable":true,"href":"https:\/\/kindalbaniastore.com\/index.php\/wp-json\/wp\/v2\/comments?post=9146"}],"version-history":[{"count":1,"href":"https:\/\/kindalbaniastore.com\/index.php\/wp-json\/wp\/v2\/product\/9146\/revisions"}],"predecessor-version":[{"id":9153,"href":"https:\/\/kindalbaniastore.com\/index.php\/wp-json\/wp\/v2\/product\/9146\/revisions\/9153"}],"wp:featuredmedia":[{"embeddable":true,"href":"https:\/\/kindalbaniastore.com\/index.php\/wp-json\/wp\/v2\/media\/9150"}],"wp:attachment":[{"href":"https:\/\/kindalbaniastore.com\/index.php\/wp-json\/wp\/v2\/media?parent=9146"}],"wp:term":[{"taxonomy":"product_cat","embeddable":true,"href":"https:\/\/kindalbaniastore.com\/index.php\/wp-json\/wp\/v2\/product_cat?post=9146"},{"taxonomy":"product_tag","embeddable":true,"href":"https:\/\/kindalbaniastore.com\/index.php\/wp-json\/wp\/v2\/product_tag?post=9146"}],"curies":[{"name":"wp","href":"https:\/\/api.w.org\/{rel}","templated":true}]}}