{"id":9188,"date":"2024-12-02T15:54:10","date_gmt":"2024-12-02T15:54:10","guid":{"rendered":"https:\/\/kindalbaniastore.com\/?post_type=product&#038;p=9188"},"modified":"2024-12-02T15:54:21","modified_gmt":"2024-12-02T15:54:21","slug":"shishe-qelqi-per-pije","status":"publish","type":"product","link":"https:\/\/kindalbaniastore.com\/index.php\/product\/shishe-qelqi-per-pije\/","title":{"rendered":"Shishe qelqi per pije"},"content":{"rendered":"<p>Shishe per pije\u2705\ufe0f<br \/>\nNj\u00eb seri shishesh q\u00eb jan\u00eb perfekte p\u00ebr t\u00eb shijuar .\ud83c\udf77<\/p>\n<p>Karakteristikat:<br \/>\n*Sh\u00ebrben: p\u00ebr ver\u00eb t\u00eb bardh\u00eb edhe t\u00eb kuqe\ud83c\udf77<br \/>\n*P\u00ebrdoret: n\u00eb Sht\u00ebpi | Restorant\ud83c\udf77<br \/>\n*I p\u00ebrshtatsh\u00ebm p\u00ebr dhurat\u00eb\ud83c\udf77<br \/>\n*Lahen n\u00eb pjatalar\u00ebse\ud83c\udf77<br \/>\n*Ruan shk\u00eblqimin n\u00eb koh\u00eb\ud83c\udf77<br \/>\n*Materiali: Qelq Kristalor\ud83c\udf77<br \/>\n*Ngjyra: Transparente\ud83c\udf77<br \/>\nMe kontakto ne dm per porosi\ud83d\udcec<br \/>\n#thekindstorealbania #porosittani\ud83d\udce5\ud83c\udf38 #kapofert\u00ebn #gotapervere #enekuzhine #aksesoreperkuzhine #aksesorepershtepi #keshillabukurie #keshilla #idegatimi #tegatuajme<\/p>\n","protected":false},"excerpt":{"rendered":"<p>Shishe per pije\u2705\ufe0f Nj\u00eb seri shishesh q\u00eb jan\u00eb perfekte p\u00ebr t\u00eb shijuar .\ud83c\udf77 Karakteristikat: *Sh\u00ebrben: p\u00ebr ver\u00eb t\u00eb bardh\u00eb edhe t\u00eb kuqe\ud83c\udf77 *P\u00ebrdoret: n\u00eb Sht\u00ebpi | Restorant\ud83c\udf77 *I p\u00ebrshtatsh\u00ebm p\u00ebr dhurat\u00eb\ud83c\udf77 *Lahen n\u00eb pjatalar\u00ebse\ud83c\udf77 *Ruan shk\u00eblqimin n\u00eb koh\u00eb\ud83c\udf77 *Materiali: Qelq Kristalor\ud83c\udf77 *Ngjyra: Transparente\ud83c\udf77 Me kontakto ne dm per porosi\ud83d\udcec #thekindstorealbania #porosittani\ud83d\udce5\ud83c\udf38 #kapofert\u00ebn #gotapervere #enekuzhine #aksesoreperkuzhine &hellip; <a href=\"https:\/\/kindalbaniastore.com\/index.php\/product\/shishe-qelqi-per-pije\/\" class=\"more-link\">Continue reading <span class=\"screen-reader-text\">Shishe qelqi per pije<\/span><\/a><\/p>\n","protected":false},"featured_media":9195,"comment_status":"open","ping_status":"closed","template":"","meta":{"_joinchat":[]},"product_cat":[225,66],"product_tag":[],"class_list":["post-9188","product","type-product","status-publish","has-post-thumbnail","hentry","product_cat-ene-kuzhine","product_cat-produkte-per-shtepi"],"_links":{"self":[{"href":"https:\/\/kindalbaniastore.com\/index.php\/wp-json\/wp\/v2\/product\/9188","targetHints":{"allow":["GET"]}}],"collection":[{"href":"https:\/\/kindalbaniastore.com\/index.php\/wp-json\/wp\/v2\/product"}],"about":[{"href":"https:\/\/kindalbaniastore.com\/index.php\/wp-json\/wp\/v2\/types\/product"}],"replies":[{"embeddable":true,"href":"https:\/\/kindalbaniastore.com\/index.php\/wp-json\/wp\/v2\/comments?post=9188"}],"version-history":[{"count":1,"href":"https:\/\/kindalbaniastore.com\/index.php\/wp-json\/wp\/v2\/product\/9188\/revisions"}],"predecessor-version":[{"id":9197,"href":"https:\/\/kindalbaniastore.com\/index.php\/wp-json\/wp\/v2\/product\/9188\/revisions\/9197"}],"wp:featuredmedia":[{"embeddable":true,"href":"https:\/\/kindalbaniastore.com\/index.php\/wp-json\/wp\/v2\/media\/9195"}],"wp:attachment":[{"href":"https:\/\/kindalbaniastore.com\/index.php\/wp-json\/wp\/v2\/media?parent=9188"}],"wp:term":[{"taxonomy":"product_cat","embeddable":true,"href":"https:\/\/kindalbaniastore.com\/index.php\/wp-json\/wp\/v2\/product_cat?post=9188"},{"taxonomy":"product_tag","embeddable":true,"href":"https:\/\/kindalbaniastore.com\/index.php\/wp-json\/wp\/v2\/product_tag?post=9188"}],"curies":[{"name":"wp","href":"https:\/\/api.w.org\/{rel}","templated":true}]}}