{"id":9627,"date":"2026-01-13T16:21:46","date_gmt":"2026-01-13T16:21:46","guid":{"rendered":"https:\/\/kindalbaniastore.com\/?post_type=product&#038;p=9627"},"modified":"2026-01-13T16:21:51","modified_gmt":"2026-01-13T16:21:51","slug":"vazeline-me-gjalp-kakao","status":"publish","type":"product","link":"https:\/\/kindalbaniastore.com\/index.php\/product\/vazeline-me-gjalp-kakao\/","title":{"rendered":"Vazeline me gjalp kakao"},"content":{"rendered":"<p>Vazelin\u00eb me gjalp kakao \ud83c\udf30\u2728<br \/>\nE pasur dhe ushqyese, ideale p\u00ebr buz\u00eb, duar dhe zona t\u00eb thata t\u00eb l\u00ebkur\u00ebs. Gjalpi i kakaos ndihmon n\u00eb hidratim t\u00eb thell\u00eb, zbutje dhe mbrojtje nga tharja, duke e l\u00ebn\u00eb l\u00ebkur\u00ebn t\u00eb but\u00eb dhe me arom\u00eb t\u00eb k\u00ebndshme.<\/p>\n","protected":false},"excerpt":{"rendered":"<p>Vazelin\u00eb me gjalp kakao \ud83c\udf30\u2728 E pasur dhe ushqyese, ideale p\u00ebr buz\u00eb, duar dhe zona t\u00eb thata t\u00eb l\u00ebkur\u00ebs. Gjalpi i kakaos ndihmon n\u00eb hidratim t\u00eb thell\u00eb, zbutje dhe mbrojtje nga tharja, duke e l\u00ebn\u00eb l\u00ebkur\u00ebn t\u00eb but\u00eb dhe me arom\u00eb t\u00eb k\u00ebndshme.<\/p>\n","protected":false},"featured_media":9628,"comment_status":"open","ping_status":"closed","template":"","meta":{"_joinchat":[]},"product_cat":[62,224,221,61,59,60,71],"product_tag":[],"class_list":["post-9627","product","type-product","status-publish","has-post-thumbnail","hentry","product_cat-estetik","product_cat-farmaceutik","product_cat-fitnes","product_cat-fizioterapi","product_cat-kozmetik","product_cat-masazh","product_cat-produkte-per-fytyren-dhe-trupin"],"_links":{"self":[{"href":"https:\/\/kindalbaniastore.com\/index.php\/wp-json\/wp\/v2\/product\/9627","targetHints":{"allow":["GET"]}}],"collection":[{"href":"https:\/\/kindalbaniastore.com\/index.php\/wp-json\/wp\/v2\/product"}],"about":[{"href":"https:\/\/kindalbaniastore.com\/index.php\/wp-json\/wp\/v2\/types\/product"}],"replies":[{"embeddable":true,"href":"https:\/\/kindalbaniastore.com\/index.php\/wp-json\/wp\/v2\/comments?post=9627"}],"version-history":[{"count":1,"href":"https:\/\/kindalbaniastore.com\/index.php\/wp-json\/wp\/v2\/product\/9627\/revisions"}],"predecessor-version":[{"id":9629,"href":"https:\/\/kindalbaniastore.com\/index.php\/wp-json\/wp\/v2\/product\/9627\/revisions\/9629"}],"wp:featuredmedia":[{"embeddable":true,"href":"https:\/\/kindalbaniastore.com\/index.php\/wp-json\/wp\/v2\/media\/9628"}],"wp:attachment":[{"href":"https:\/\/kindalbaniastore.com\/index.php\/wp-json\/wp\/v2\/media?parent=9627"}],"wp:term":[{"taxonomy":"product_cat","embeddable":true,"href":"https:\/\/kindalbaniastore.com\/index.php\/wp-json\/wp\/v2\/product_cat?post=9627"},{"taxonomy":"product_tag","embeddable":true,"href":"https:\/\/kindalbaniastore.com\/index.php\/wp-json\/wp\/v2\/product_tag?post=9627"}],"curies":[{"name":"wp","href":"https:\/\/api.w.org\/{rel}","templated":true}]}}